{"id":11,"date":"2022-06-20T21:37:06","date_gmt":"2022-06-20T21:37:06","guid":{"rendered":"http:\/\/localhost\/karinarojasecommerce\/?post_type=product&#038;p=11"},"modified":"2026-04-09T22:07:01","modified_gmt":"2026-04-09T22:07:01","slug":"aminoacidos-bcaa-en-polvo","status":"publish","type":"product","link":"https:\/\/karinarojasenforma.cl\/tienda\/producto\/aminoacidos-bcaa-en-polvo\/","title":{"rendered":"Amino\u00e1cidos BCAA en polvo"},"content":{"rendered":"<p>Los BCAA son esenciales para las mujeres activas que buscan mejorar su rendimiento y recuperaci\u00f3n.<br \/>\nAyudan a preservar la masa muscular durante las dietas y entrenamientos intensos, promoviendo un cuerpo tonificado y saludable.<\/p>\n<p>Toma un servicio diluido en agua a gusto durante el ejercicio, estos amino\u00e1cidos te brindan energ\u00eda y reducen la fatiga muscular.<\/p>\n","protected":false},"excerpt":{"rendered":"<p>Los Bcaa son amino\u00e1cidos ramificados compuestos por los amino\u00e1cidos leucina, isoleucina y valina, que acelera la recuperaci\u00f3n muscular post ejercicio. <\/p>\n","protected":false},"featured_media":8434,"comment_status":"open","ping_status":"closed","template":"","meta":[],"product_brand":[],"product_cat":[15,16],"product_tag":[],"class_list":{"0":"post-11","1":"product","2":"type-product","3":"status-publish","4":"has-post-thumbnail","6":"product_cat-producto-karinaenforma","7":"product_cat-suplementos","9":"first","10":"instock","11":"shipping-taxable","12":"purchasable","13":"product-type-simple"},"_links":{"self":[{"href":"https:\/\/karinarojasenforma.cl\/tienda\/wp-json\/wp\/v2\/product\/11","targetHints":{"allow":["GET"]}}],"collection":[{"href":"https:\/\/karinarojasenforma.cl\/tienda\/wp-json\/wp\/v2\/product"}],"about":[{"href":"https:\/\/karinarojasenforma.cl\/tienda\/wp-json\/wp\/v2\/types\/product"}],"replies":[{"embeddable":true,"href":"https:\/\/karinarojasenforma.cl\/tienda\/wp-json\/wp\/v2\/comments?post=11"}],"wp:featuredmedia":[{"embeddable":true,"href":"https:\/\/karinarojasenforma.cl\/tienda\/wp-json\/wp\/v2\/media\/8434"}],"wp:attachment":[{"href":"https:\/\/karinarojasenforma.cl\/tienda\/wp-json\/wp\/v2\/media?parent=11"}],"wp:term":[{"taxonomy":"product_brand","embeddable":true,"href":"https:\/\/karinarojasenforma.cl\/tienda\/wp-json\/wp\/v2\/product_brand?post=11"},{"taxonomy":"product_cat","embeddable":true,"href":"https:\/\/karinarojasenforma.cl\/tienda\/wp-json\/wp\/v2\/product_cat?post=11"},{"taxonomy":"product_tag","embeddable":true,"href":"https:\/\/karinarojasenforma.cl\/tienda\/wp-json\/wp\/v2\/product_tag?post=11"}],"curies":[{"name":"wp","href":"https:\/\/api.w.org\/{rel}","templated":true}]}}